
Let i = -14936 + 44583. Is i prime?
False
Let h(s) = 1272*s - 187. Let c be -3 - -33 - 6 - 0. Is h(c) composite?
False
Let b(s) = 2*s**2 + 26*s - 5. Let f be b(-16). Let g = -101 + f. Is g/(-40) + 8395/4 composite?
False
Suppose 0*k + k = 3*t - 7, 0 = -5*t - 2*k + 8. Let v(l) = 10*l + 470*l**t + 3*l - 2 - 4*l + 0*l. Is v(-3) composite?
False
Let s = 253 + -275. Is 109690/110 + 4/s composite?
False
Let b = 244830 + -3803. Is b prime?
True
Let u = 68739 + -37874. Is u a prime number?
False
Let m(k) = -3*k**3 + 33*k**2 + 34*k + 175. Is m(-27) composite?
True
Let m be (1*-1934)/(2/(-2)). Suppose 19*x - 2*x = -7089. Let c = x + m. Is c prime?
False
Let o = -7163 - -7412. Is o a prime number?
False
Suppose -11*l + 2379 = 2*l. Suppose -l + 11 = -k. Let z = 39 + k. Is z a prime number?
True
Is 2/11 - 2739739142/(-2618) composite?
True
Suppose -85*w + 946145 + 275200 + 1700870 = 0. Is w a prime number?
False
Let i(a) = -110*a + 7. Let r be i(-5). Let t be (-3 - 74)*3 + 9. Let m = r + t. Is m prime?
False
Let u(a) = -a**3 - 21*a**2 + a + 5. Let l be u(-22). Suppose 3*n - 2*f = 3*f + 1399, -n + l = -2*f. Suppose -44*g = -45*g + n. Is g prime?
True
Is 6834258/14 - 58/203 a composite number?
False
Let c = 76830 - 33809. Is c prime?
False
Let z(j) be the second derivative of 3/2*j**3 + 4*j - 2/5*j**5 - 1/6*j**4 + 0 + j**2. Is z(-5) a composite number?
False
Suppose 0 = 3*o - 33*p + 35*p - 76, 0 = 5*p - 10. Suppose o*d + 7*d - 130603 = 0. Is d prime?
False
Let s = -86 + 103. Let g be 87/s - 4/34. Suppose -6806 = -5*r + v, g*v - v + 6809 = 5*r. Is r a prime number?
True
Let s = 387 - 378. Suppose -4*u + 3*p = -28216, -7*u - 14130 = -s*u - 4*p. Is u composite?
False
Suppose -1856437 = -3*x - 5*z, -x + 325457 + 293334 = -z. Is x a composite number?
False
Let z(x) = 114*x**2 - 37*x - 186. Is z(25) a composite number?
False
Let x = -3 - -7. Let g(d) = 335*d + 215*d + 5 - 337*d + 369*d. Is g(x) composite?
False
Suppose 35 = -0*x + 5*x. Let p(f) = -7*f + 3 + 9*f**2 - f**3 + 6*f + 6*f - x*f. Is p(7) a composite number?
True
Let i = 27463 + 18204. Is i composite?
False
Let o = 300 + 619. Let f be (-4)/14 - 3148/7. Let q = o + f. Is q a prime number?
False
Let n = 48841 - 29146. Suppose -3*m + 4*m = -q + 3943, 5*m - 5*q - n = 0. Is m a composite number?
True
Suppose 6*b + 5*x = 4*b + 15, 5*b - 20 = 5*x. Suppose 0 = 5*m + 4*y - b*y - 322166, -1 = y. Is m a prime number?
True
Let q = -151466 - -437757. Is q a composite number?
True
Let b = 425 - 373. Let g = b - -2851. Is g composite?
False
Let u(d) = -5*d**2 + 30*d + 3. Let h be u(6). Let c(y) = -968*y - h + 5 + 7. Is c(-5) a composite number?
True
Suppose i - 2556 = 5*i. Let n = -202 - i. Suppose 5*w + 2728 = 4*y, y - 1134 + n = 5*w. Is y a composite number?
False
Is (420298/155)/((-2)/(-5)) prime?
True
Let r(p) = 4*p**3 + 11*p**2 - 11*p. Let s be r(1). Suppose -s*u = 4*q - 2*u - 22222, 0 = q + 2*u - 5551. Is q a composite number?
False
Let y(m) be the second derivative of 59/3*m**3 - 37*m + 0 + 25/2*m**2. Is y(13) a composite number?
False
Let f = 437 - 397. Is (-5)/(f/(-11176)) + -4 a composite number?
True
Let v = 25 + -21. Suppose -2*g + 3*a = 1, 4*a = -5*g + 12 + 20. Is (g/v)/((-5)/(-5705)) a composite number?
True
Is (2024/(-440) - -1*5)/(4/901490) prime?
True
Let c = 419 - 421. Is (25383/9)/(c/(-6)) composite?
False
Suppose -y - 4 = 0, -5*y + 3*y = -2*w + 12. Let n(z) = 16*z**2 - 4*z + 4 + 7*z**2 - 5 + 38*z**w. Is n(4) prime?
False
Let d(w) = 3*w**3 - 9*w**2 + 11*w - 26. Suppose 4*y - 30 = 6. Is d(y) prime?
True
Let y(i) = 12*i**3 - 4*i**2 - 3*i + 10. Let w be y(4). Let s = w - 2173. Let x = 2984 + s. Is x a composite number?
True
Suppose -6 = 22*u - 24*u. Suppose 3*s = 3, -u*s + 90021 + 2540 = 2*z. Is z a prime number?
True
Let m = -68728 - -101717. Is m composite?
True
Suppose -2*w - 11442 = -5*w. Suppose u = -3*y + w + 387, 3*y - u = 4193. Is y a composite number?
False
Let n(r) be the third derivative of 19*r**5/30 + 5*r**4/12 - 25*r**3/6 - 3*r**2 + 14*r. Is n(-9) composite?
False
Let s be 1 - (3 + 1/((-1)/4)). Suppose -2*x = -0*x - s, 5*d + 2*x - 902 = 0. Let j = d - 127. Is j a prime number?
True
Let a(w) = 34 - 9*w + 17 + 40*w + 9*w**2 - 10 + 15*w**2. Is a(14) composite?
False
Let c be (-1 - 44/(-4))*(-4)/(-10). Let g(t) = -4*t**2 + 13. Let h be g(c). Let w = 904 + h. Is w composite?
False
Let b = -327 + 312. Is (-15172)/b*3 + (-3)/(-5) composite?
True
Let n(p) = -3*p**3 - 15*p**2 + 11*p - 12. Suppose a + 65 = -4*a. Let b be n(a). Suppose r + 3*r = -5*t + b, -r = 3*t - 970. Is r a prime number?
False
Suppose 3*d + 1736304 = 4*t + 7*d, 868157 = 2*t - 3*d. Is t a prime number?
False
Let p(b) = -30*b + 189*b + 2796 - 2798. Is p(1) a prime number?
True
Let s(b) = b**3 + 133*b**2 + 252*b - 167. Is s(-106) a composite number?
True
Let k = 55 + -104. Suppose q - 2*q = 3*i - 68, -4*q - i = -316. Let g = q + k. Is g prime?
True
Let h be 30/165 - 64/(-11). Let f be 3*(12/4 - 8/h). Suppose -f*r = 4*n - 639 - 826, 5*n = 0. Is r composite?
False
Let d(t) = -5*t**2 - 18*t + 13. Let q(z) = 9*z**2 + 35*z - 27. Let c = -47 - -50. Let o(h) = c*q(h) + 5*d(h). Is o(11) composite?
True
Let z be (-44 - -1)*(1 + -2). Let v = 47 - z. Suppose k = v*l - 1878, -4*l - 2*k + 153 = -1719. Is l a prime number?
False
Let q(z) = -z**3 + 5*z**2 + 1. Let y be q(5). Let m(n) = 3270*n + 4. Let o be m(y). Suppose 27*j - 25*j - o = 0. Is j prime?
True
Suppose 0 = -3*v - 2*v + 25, 4*k - v + 37 = 0. Let p be (34/(-4))/((-4)/k). Let w(o) = -83*o - 30. Is w(p) prime?
True
Let j = 170875 - 73926. Is j composite?
True
Suppose 4*u + 1049633 = 3*d, 171*d - 1399517 = 167*d - u. Is d a composite number?
True
Let x(h) = 288*h**3 - 44*h**2 + 4*h - 87. Is x(16) a composite number?
False
Suppose -2*b = -6*b + 52872. Suppose -5*i - i + b = 0. Is i prime?
True
Let z be ((-311054)/93)/(2/(-6)). Suppose -z = -25*o + 23*o. Is o a prime number?
False
Suppose 2*f - q + 33 = 0, -3*q - 21 = f + 13. Is (f/(399/(-40978)))/(2/3) a composite number?
False
Suppose 4*d - 4*m = 36932, -m = 2*d - 22740 + 4256. Is d a composite number?
False
Let p be 140/24 + (-3)/(-18). Let a be 2/p*(6 - 0). Is 376 + (-8 - -2)/(a + 0) a prime number?
True
Let j = 122 - 230. Let z = j + 141. Is z a composite number?
True
Suppose 4*r + 1 = -q, 5*q + 5 = -3*r + 2*r. Let d be 0/(-1 + 0/(0 + q)). Suppose d*k = 8*k - 10840. Is k a composite number?
True
Let z = -42774 - -985493. Is z a composite number?
False
Let k(d) = 22*d + 30*d**2 - 55 + 7*d + 6*d - 58*d - 140. Is k(-38) a composite number?
True
Suppose -8626 = 2*x + 4*z - 109472, 0 = 5*x + 3*z - 252073. Is x prime?
True
Let l(j) = 4*j + 27. Let k(b) = -10*b + 4. Let a be k(1). Let s be l(a). Suppose -1198 = s*z - 6109. Is z prime?
True
Suppose -159*y + 183*y = -24. Is 1/y - (-73112)/13 a composite number?
False
Let j(l) = -91*l**3 + 5*l**2 + 2*l - 1. Suppose 2*y + 4 = -2*r - 2, 3 = -r - 3*y. Is j(r) a prime number?
False
Suppose -q + 5 + 117 = 0. Let b = -188 + q. Is 4*3/b + (-4976)/(-22) a prime number?
False
Let q(o) = 51*o**2 + 5*o + 6. Let a be q(-4). Let y be a*3/6 + (1 - 0). Suppose 0 = -4*i + y + 314. Is i prime?
True
Suppose -5*k + 27699 = -2*j, -2*k = -2*j + j - 13850. Let u = j - -23913. Is u composite?
False
Let o be (209/(-22))/((-3)/948). Let f = o - 2133. Is f a prime number?
False
Let m be -11 + (-14)/(-1) + -9. Is 7*m/(-42) - -11470 a prime number?
True
Let f be (0 - 14/(-8)) + (-3)/(-12). Suppose 5*n + 15 = 5*l, -4*n = -f*n - l + 9. Let x(o) = 22*o**2 - o + 11. Is x(n) a composite number?
False
Let o(n) = n - 3. Let c be o(8). Suppose 0 = 2*u - 4*s - 42, -s = -u + c*u - 39. Is 2/u - (-41106)/66 a composite number?
True
Suppose -491 = -4*x - 103. Suppose -x = -18*u + 17*u. Let g = u - -1446. Is g a composite number?
False
Let b be ((-620)/5)/((-8)/68). Let h = b - 731. Is h composite?
True
Let q = -392 + 404. Let g(t) = 42*t**2 - 18*t + 137. Is g(q) prime?
False
Let t = -1846 + 4805. Is t composite?
True
Suppose -3*x + 3*r = -5322, -19*x + 8910 = -14*x + 5*r. Suppose -x = 6*z - 8*z. Is z composite?
True
Suppose -x + 31094 = 2*j, -j + 5*x + 5108 = -10417. Suppose 5*a + 5*z = j, -4*a + 6*z + 12436 = 4*z. Is a prime?
True
Suppose -13*n = -n - 23904. Let m(c) = 46*c - 41. Let v be m(-19). Let q = n + v. Is q prime?
False
I